{"id":9,"date":"2023-10-04T17:39:44","date_gmt":"2023-10-04T20:39:44","guid":{"rendered":"https:\/\/filltech.com.br\/?page_id=9"},"modified":"2026-01-09T13:07:34","modified_gmt":"2026-01-09T16:07:34","slug":"pagina-principal","status":"publish","type":"page","link":"https:\/\/filltech.com.br\/","title":{"rendered":"P\u00e1gina Principal"},"content":{"rendered":"\t\t<div data-elementor-type=\"wp-post\" data-elementor-id=\"9\" class=\"elementor elementor-9\" data-elementor-post-type=\"page\">\n\t\t\t\t<div class=\"elementor-element elementor-element-a674797 e-flex e-con-boxed e-con e-parent\" data-id=\"a674797\" data-element_type=\"container\">\n\t\t\t\t\t<div class=\"e-con-inner\">\n\t\t<div class=\"elementor-element elementor-element-9b13cbf e-con-full e-flex e-con e-child\" data-id=\"9b13cbf\" data-element_type=\"container\">\n\t\t\t\t<div class=\"elementor-element elementor-element-f29b9f9 elementor-view-default elementor-widget elementor-widget-icon\" data-id=\"f29b9f9\" data-element_type=\"widget\" data-widget_type=\"icon.default\">\n\t\t\t\t<div class=\"elementor-widget-container\">\n\t\t\t\t\t\t\t<div class=\"elementor-icon-wrapper\">\n\t\t\t<div class=\"elementor-icon\">\n\t\t\t<i aria-hidden=\"true\" class=\"fas fa-list\"><\/i>\t\t\t<\/div>\n\t\t<\/div>\n\t\t\t\t\t\t<\/div>\n\t\t\t\t<\/div>\n\t\t\t\t<\/div>\n\t\t<div class=\"elementor-element elementor-element-f479659 e-con-full e-flex e-con e-child\" data-id=\"f479659\" data-element_type=\"container\">\n\t\t\t\t<div class=\"elementor-element elementor-element-aa08e0c elementor-widget elementor-widget-image\" data-id=\"aa08e0c\" data-element_type=\"widget\" data-widget_type=\"image.default\">\n\t\t\t\t<div class=\"elementor-widget-container\">\n\t\t\t\t\t\t\t\t\t\t\t\t\t\t\t<img fetchpriority=\"high\" decoding=\"async\" width=\"800\" height=\"512\" src=\"https:\/\/filltech.com.br\/wp-content\/uploads\/2023\/10\/logo-lateral-1.png\" class=\"attachment-large size-large wp-image-11\" alt=\"\" srcset=\"https:\/\/filltech.com.br\/wp-content\/uploads\/2023\/10\/logo-lateral-1.png 969w, https:\/\/filltech.com.br\/wp-content\/uploads\/2023\/10\/logo-lateral-1-300x192.png 300w, https:\/\/filltech.com.br\/wp-content\/uploads\/2023\/10\/logo-lateral-1-768x491.png 768w\" sizes=\"(max-width: 800px) 100vw, 800px\" \/>\t\t\t\t\t\t\t\t\t\t\t\t\t\t\t<\/div>\n\t\t\t\t<\/div>\n\t\t\t\t<\/div>\n\t\t<div class=\"elementor-element elementor-element-ad2b5b8 e-con-full e-flex e-con e-child\" data-id=\"ad2b5b8\" data-element_type=\"container\">\n\t\t\t\t<div class=\"elementor-element elementor-element-12f7af6 elementor-view-default elementor-widget elementor-widget-icon\" data-id=\"12f7af6\" data-element_type=\"widget\" data-widget_type=\"icon.default\">\n\t\t\t\t<div class=\"elementor-widget-container\">\n\t\t\t\t\t\t\t<div class=\"elementor-icon-wrapper\">\n\t\t\t<div class=\"elementor-icon\">\n\t\t\t<i aria-hidden=\"true\" class=\"fas fa-search\"><\/i>\t\t\t<\/div>\n\t\t<\/div>\n\t\t\t\t\t\t<\/div>\n\t\t\t\t<\/div>\n\t\t\t\t<\/div>\n\t\t\t\t\t<\/div>\n\t\t\t\t<\/div>\n\t\t<div class=\"elementor-element elementor-element-81aa1c8 e-flex e-con-boxed e-con e-parent\" data-id=\"81aa1c8\" data-element_type=\"container\">\n\t\t\t\t\t<div class=\"e-con-inner\">\n\t\t<div class=\"elementor-element elementor-element-31b6234 e-con-full e-flex e-con e-child\" data-id=\"31b6234\" data-element_type=\"container\">\n\t\t\t\t<div class=\"elementor-element elementor-element-26f0f1a elementor-widget elementor-widget-video\" data-id=\"26f0f1a\" data-element_type=\"widget\" data-settings=\"{&quot;youtube_url&quot;:&quot;https:\\\/\\\/youtu.be\\\/YgHGWt50lAg&quot;,&quot;autoplay&quot;:&quot;yes&quot;,&quot;loop&quot;:&quot;yes&quot;,&quot;video_type&quot;:&quot;youtube&quot;,&quot;controls&quot;:&quot;yes&quot;}\" data-widget_type=\"video.default\">\n\t\t\t\t<div class=\"elementor-widget-container\">\n\t\t\t\t\t\t\t<div class=\"elementor-wrapper elementor-open-inline\">\n\t\t\t<div class=\"elementor-video\"><\/div>\t\t<\/div>\n\t\t\t\t\t\t<\/div>\n\t\t\t\t<\/div>\n\t\t\t\t<\/div>\n\t\t<div class=\"elementor-element elementor-element-acc7723 e-con-full e-flex e-con e-child\" data-id=\"acc7723\" data-element_type=\"container\">\n\t\t\t\t<div class=\"elementor-element elementor-element-cac2583 elementor-widget elementor-widget-image\" data-id=\"cac2583\" data-element_type=\"widget\" data-widget_type=\"image.default\">\n\t\t\t\t<div class=\"elementor-widget-container\">\n\t\t\t\t\t\t\t\t\t\t\t\t\t\t\t<img decoding=\"async\" width=\"800\" height=\"814\" src=\"https:\/\/filltech.com.br\/wp-content\/uploads\/2023\/10\/Enscape_2022-12-28-22-23-18-1007x1024.png\" class=\"attachment-large size-large wp-image-13\" alt=\"\" srcset=\"https:\/\/filltech.com.br\/wp-content\/uploads\/2023\/10\/Enscape_2022-12-28-22-23-18-1007x1024.png 1007w, https:\/\/filltech.com.br\/wp-content\/uploads\/2023\/10\/Enscape_2022-12-28-22-23-18-295x300.png 295w, https:\/\/filltech.com.br\/wp-content\/uploads\/2023\/10\/Enscape_2022-12-28-22-23-18-768x781.png 768w, https:\/\/filltech.com.br\/wp-content\/uploads\/2023\/10\/Enscape_2022-12-28-22-23-18-1511x1536.png 1511w, https:\/\/filltech.com.br\/wp-content\/uploads\/2023\/10\/Enscape_2022-12-28-22-23-18-2014x2048.png 2014w\" sizes=\"(max-width: 800px) 100vw, 800px\" \/>\t\t\t\t\t\t\t\t\t\t\t\t\t\t\t<\/div>\n\t\t\t\t<\/div>\n\t\t\t\t<div class=\"elementor-element elementor-element-f95ee49 elementor-widget elementor-widget-image\" data-id=\"f95ee49\" data-element_type=\"widget\" data-widget_type=\"image.default\">\n\t\t\t\t<div class=\"elementor-widget-container\">\n\t\t\t\t\t\t\t\t\t\t\t\t\t\t\t<img decoding=\"async\" width=\"800\" height=\"814\" src=\"https:\/\/filltech.com.br\/wp-content\/uploads\/2023\/10\/Enscape_2023-02-18-17-03-31-1007x1024.png\" class=\"attachment-large size-large wp-image-14\" alt=\"\" srcset=\"https:\/\/filltech.com.br\/wp-content\/uploads\/2023\/10\/Enscape_2023-02-18-17-03-31-1007x1024.png 1007w, https:\/\/filltech.com.br\/wp-content\/uploads\/2023\/10\/Enscape_2023-02-18-17-03-31-295x300.png 295w, https:\/\/filltech.com.br\/wp-content\/uploads\/2023\/10\/Enscape_2023-02-18-17-03-31-768x781.png 768w, https:\/\/filltech.com.br\/wp-content\/uploads\/2023\/10\/Enscape_2023-02-18-17-03-31-1511x1536.png 1511w, https:\/\/filltech.com.br\/wp-content\/uploads\/2023\/10\/Enscape_2023-02-18-17-03-31-2014x2048.png 2014w\" sizes=\"(max-width: 800px) 100vw, 800px\" \/>\t\t\t\t\t\t\t\t\t\t\t\t\t\t\t<\/div>\n\t\t\t\t<\/div>\n\t\t\t\t<\/div>\n\t\t\t\t\t<\/div>\n\t\t\t\t<\/div>\n\t\t<div class=\"elementor-element elementor-element-0639ac5 e-flex e-con-boxed e-con e-parent\" data-id=\"0639ac5\" data-element_type=\"container\">\n\t\t\t\t\t<div class=\"e-con-inner\">\n\t\t<div class=\"elementor-element elementor-element-4eaa019 e-con-full e-flex e-con e-child\" data-id=\"4eaa019\" data-element_type=\"container\">\n\t\t\t\t<div class=\"elementor-element elementor-element-aee622a elementor-widget elementor-widget-heading\" data-id=\"aee622a\" data-element_type=\"widget\" data-widget_type=\"heading.default\">\n\t\t\t\t<div class=\"elementor-widget-container\">\n\t\t\t\t\t<h2 class=\"elementor-heading-title elementor-size-default\">NOVO CONCEITO EM\nASSIST\u00caNCIA T\u00c9CNICA<\/h2>\t\t\t\t<\/div>\n\t\t\t\t<\/div>\n\t\t\t\t<\/div>\n\t\t<div class=\"elementor-element elementor-element-42db7e1 e-con-full e-flex e-con e-child\" data-id=\"42db7e1\" data-element_type=\"container\">\n\t\t\t\t<div class=\"elementor-element elementor-element-78637de elementor-widget elementor-widget-heading\" data-id=\"78637de\" data-element_type=\"widget\" data-widget_type=\"heading.default\">\n\t\t\t\t<div class=\"elementor-widget-container\">\n\t\t\t\t\t<h2 class=\"elementor-heading-title elementor-size-default\">A ESCOLHA CERTA!<\/h2>\t\t\t\t<\/div>\n\t\t\t\t<\/div>\n\t\t\t\t<div class=\"elementor-element elementor-element-b1d94ab elementor-widget__width-initial elementor-widget elementor-widget-text-editor\" data-id=\"b1d94ab\" data-element_type=\"widget\" data-widget_type=\"text-editor.default\">\n\t\t\t\t<div class=\"elementor-widget-container\">\n\t\t\t\t\t\t\t\t\t<p>Garantimos solu\u00e7\u00f5es eficientes para todas as suas necessidades de <strong>reparo e manuten\u00e7\u00e3o<\/strong>.<\/p>\t\t\t\t\t\t\t\t<\/div>\n\t\t\t\t<\/div>\n\t\t\t\t<\/div>\n\t\t\t\t\t<\/div>\n\t\t\t\t<\/div>\n\t\t<div class=\"elementor-element elementor-element-37e45a0 e-flex e-con-boxed e-con e-parent\" data-id=\"37e45a0\" data-element_type=\"container\">\n\t\t\t\t\t<div class=\"e-con-inner\">\n\t\t<div class=\"elementor-element elementor-element-1441c96 e-con-full e-flex e-con e-child\" data-id=\"1441c96\" data-element_type=\"container\">\n\t\t\t\t<div class=\"elementor-element elementor-element-7e88211 elementor-widget elementor-widget-image\" data-id=\"7e88211\" data-element_type=\"widget\" data-widget_type=\"image.default\">\n\t\t\t\t<div class=\"elementor-widget-container\">\n\t\t\t\t\t\t\t\t\t\t\t\t\t\t\t<img loading=\"lazy\" decoding=\"async\" width=\"800\" height=\"814\" src=\"https:\/\/filltech.com.br\/wp-content\/uploads\/2023\/10\/Enscape_2022-12-28-22-12-59-1007x1024.png\" class=\"attachment-large size-large wp-image-34\" alt=\"\" srcset=\"https:\/\/filltech.com.br\/wp-content\/uploads\/2023\/10\/Enscape_2022-12-28-22-12-59-1007x1024.png 1007w, https:\/\/filltech.com.br\/wp-content\/uploads\/2023\/10\/Enscape_2022-12-28-22-12-59-295x300.png 295w, https:\/\/filltech.com.br\/wp-content\/uploads\/2023\/10\/Enscape_2022-12-28-22-12-59-768x781.png 768w, https:\/\/filltech.com.br\/wp-content\/uploads\/2023\/10\/Enscape_2022-12-28-22-12-59-1511x1536.png 1511w, https:\/\/filltech.com.br\/wp-content\/uploads\/2023\/10\/Enscape_2022-12-28-22-12-59-2014x2048.png 2014w\" sizes=\"(max-width: 800px) 100vw, 800px\" \/>\t\t\t\t\t\t\t\t\t\t\t\t\t\t\t<\/div>\n\t\t\t\t<\/div>\n\t\t\t\t<\/div>\n\t\t<div class=\"elementor-element elementor-element-3bb6763 e-con-full e-flex e-con e-child\" data-id=\"3bb6763\" data-element_type=\"container\">\n\t\t\t\t<div class=\"elementor-element elementor-element-680ea4a elementor-widget elementor-widget-image\" data-id=\"680ea4a\" data-element_type=\"widget\" data-widget_type=\"image.default\">\n\t\t\t\t<div class=\"elementor-widget-container\">\n\t\t\t\t\t\t\t\t\t\t\t\t\t\t\t<img loading=\"lazy\" decoding=\"async\" width=\"800\" height=\"814\" src=\"https:\/\/filltech.com.br\/wp-content\/uploads\/2023\/10\/Enscape_2023-02-18-17-10-30-1007x1024.png\" class=\"attachment-large size-large wp-image-19\" alt=\"\" srcset=\"https:\/\/filltech.com.br\/wp-content\/uploads\/2023\/10\/Enscape_2023-02-18-17-10-30-1007x1024.png 1007w, https:\/\/filltech.com.br\/wp-content\/uploads\/2023\/10\/Enscape_2023-02-18-17-10-30-295x300.png 295w, https:\/\/filltech.com.br\/wp-content\/uploads\/2023\/10\/Enscape_2023-02-18-17-10-30-768x781.png 768w, https:\/\/filltech.com.br\/wp-content\/uploads\/2023\/10\/Enscape_2023-02-18-17-10-30-1511x1536.png 1511w, https:\/\/filltech.com.br\/wp-content\/uploads\/2023\/10\/Enscape_2023-02-18-17-10-30-2014x2048.png 2014w\" sizes=\"(max-width: 800px) 100vw, 800px\" \/>\t\t\t\t\t\t\t\t\t\t\t\t\t\t\t<\/div>\n\t\t\t\t<\/div>\n\t\t\t\t<\/div>\n\t\t<div class=\"elementor-element elementor-element-20ca141 e-con-full e-flex e-con e-child\" data-id=\"20ca141\" data-element_type=\"container\">\n\t\t\t\t<div class=\"elementor-element elementor-element-ec965ed elementor-widget elementor-widget-image\" data-id=\"ec965ed\" data-element_type=\"widget\" data-widget_type=\"image.default\">\n\t\t\t\t<div class=\"elementor-widget-container\">\n\t\t\t\t\t\t\t\t\t\t\t\t\t\t\t<img loading=\"lazy\" decoding=\"async\" width=\"800\" height=\"814\" src=\"https:\/\/filltech.com.br\/wp-content\/uploads\/2023\/10\/Enscape_2022-12-28-21-18-32-1007x1024.png\" class=\"attachment-large size-large wp-image-27\" alt=\"\" srcset=\"https:\/\/filltech.com.br\/wp-content\/uploads\/2023\/10\/Enscape_2022-12-28-21-18-32-1007x1024.png 1007w, https:\/\/filltech.com.br\/wp-content\/uploads\/2023\/10\/Enscape_2022-12-28-21-18-32-295x300.png 295w, https:\/\/filltech.com.br\/wp-content\/uploads\/2023\/10\/Enscape_2022-12-28-21-18-32-768x781.png 768w, https:\/\/filltech.com.br\/wp-content\/uploads\/2023\/10\/Enscape_2022-12-28-21-18-32-1511x1536.png 1511w, https:\/\/filltech.com.br\/wp-content\/uploads\/2023\/10\/Enscape_2022-12-28-21-18-32-2014x2048.png 2014w\" sizes=\"(max-width: 800px) 100vw, 800px\" \/>\t\t\t\t\t\t\t\t\t\t\t\t\t\t\t<\/div>\n\t\t\t\t<\/div>\n\t\t\t\t<\/div>\n\t\t<div class=\"elementor-element elementor-element-817e033 e-con-full e-flex e-con e-child\" data-id=\"817e033\" data-element_type=\"container\">\n\t\t\t\t<div class=\"elementor-element elementor-element-9d7eb4e elementor-widget elementor-widget-image\" data-id=\"9d7eb4e\" data-element_type=\"widget\" data-widget_type=\"image.default\">\n\t\t\t\t<div class=\"elementor-widget-container\">\n\t\t\t\t\t\t\t\t\t\t\t\t\t\t\t<img loading=\"lazy\" decoding=\"async\" width=\"800\" height=\"814\" src=\"https:\/\/filltech.com.br\/wp-content\/uploads\/2023\/10\/Enscape_2023-02-18-17-09-51-1007x1024.png\" class=\"attachment-large size-large wp-image-18\" alt=\"\" srcset=\"https:\/\/filltech.com.br\/wp-content\/uploads\/2023\/10\/Enscape_2023-02-18-17-09-51-1007x1024.png 1007w, https:\/\/filltech.com.br\/wp-content\/uploads\/2023\/10\/Enscape_2023-02-18-17-09-51-295x300.png 295w, https:\/\/filltech.com.br\/wp-content\/uploads\/2023\/10\/Enscape_2023-02-18-17-09-51-768x781.png 768w, https:\/\/filltech.com.br\/wp-content\/uploads\/2023\/10\/Enscape_2023-02-18-17-09-51-1511x1536.png 1511w, https:\/\/filltech.com.br\/wp-content\/uploads\/2023\/10\/Enscape_2023-02-18-17-09-51-2014x2048.png 2014w\" sizes=\"(max-width: 800px) 100vw, 800px\" \/>\t\t\t\t\t\t\t\t\t\t\t\t\t\t\t<\/div>\n\t\t\t\t<\/div>\n\t\t\t\t<\/div>\n\t\t<div class=\"elementor-element elementor-element-4fddab8 e-con-full e-flex e-con e-child\" data-id=\"4fddab8\" data-element_type=\"container\">\n\t\t\t\t<div class=\"elementor-element elementor-element-8a11014 elementor-widget elementor-widget-image\" data-id=\"8a11014\" data-element_type=\"widget\" data-widget_type=\"image.default\">\n\t\t\t\t<div class=\"elementor-widget-container\">\n\t\t\t\t\t\t\t\t\t\t\t\t\t\t\t<img loading=\"lazy\" decoding=\"async\" width=\"800\" height=\"814\" src=\"https:\/\/filltech.com.br\/wp-content\/uploads\/2023\/10\/Enscape_2023-02-18-16-57-26-1007x1024.png\" class=\"attachment-large size-large wp-image-40\" alt=\"\" srcset=\"https:\/\/filltech.com.br\/wp-content\/uploads\/2023\/10\/Enscape_2023-02-18-16-57-26-1007x1024.png 1007w, https:\/\/filltech.com.br\/wp-content\/uploads\/2023\/10\/Enscape_2023-02-18-16-57-26-295x300.png 295w, https:\/\/filltech.com.br\/wp-content\/uploads\/2023\/10\/Enscape_2023-02-18-16-57-26-768x781.png 768w, https:\/\/filltech.com.br\/wp-content\/uploads\/2023\/10\/Enscape_2023-02-18-16-57-26-1511x1536.png 1511w, https:\/\/filltech.com.br\/wp-content\/uploads\/2023\/10\/Enscape_2023-02-18-16-57-26-2014x2048.png 2014w\" sizes=\"(max-width: 800px) 100vw, 800px\" \/>\t\t\t\t\t\t\t\t\t\t\t\t\t\t\t<\/div>\n\t\t\t\t<\/div>\n\t\t\t\t<\/div>\n\t\t\t\t\t<\/div>\n\t\t\t\t<\/div>\n\t\t<div class=\"elementor-element elementor-element-36d21d5 e-flex e-con-boxed e-con e-parent\" data-id=\"36d21d5\" data-element_type=\"container\">\n\t\t\t\t\t<div class=\"e-con-inner\">\n\t\t<div class=\"elementor-element elementor-element-d99625a e-con-full e-flex e-con e-child\" data-id=\"d99625a\" data-element_type=\"container\">\n\t\t\t\t<div class=\"elementor-element elementor-element-3e340cb elementor-widget elementor-widget-heading\" data-id=\"3e340cb\" data-element_type=\"widget\" data-widget_type=\"heading.default\">\n\t\t\t\t<div class=\"elementor-widget-container\">\n\t\t\t\t\t<h2 class=\"elementor-heading-title elementor-size-default\">R. Rio Grande do Norte 2610 - Vila Gua\u00edra<\/h2>\t\t\t\t<\/div>\n\t\t\t\t<\/div>\n\t\t\t\t<div class=\"elementor-element elementor-element-e8f61c1 elementor-widget__width-initial elementor-widget elementor-widget-text-editor\" data-id=\"e8f61c1\" data-element_type=\"widget\" data-widget_type=\"text-editor.default\">\n\t\t\t\t<div class=\"elementor-widget-container\">\n\t\t\t\t\t\t\t\t\t<p>Esquina com R. Santa Catarina &#8211; Amplo Estacionamento<\/p>\t\t\t\t\t\t\t\t<\/div>\n\t\t\t\t<\/div>\n\t\t\t\t<div class=\"elementor-element elementor-element-69d8ee5 elementor-widget elementor-widget-heading\" data-id=\"69d8ee5\" data-element_type=\"widget\" data-widget_type=\"heading.default\">\n\t\t\t\t<div class=\"elementor-widget-container\">\n\t\t\t\t\t<h2 class=\"elementor-heading-title elementor-size-default\">Hor\u00e1rio de Funcionamento: <\/h2>\t\t\t\t<\/div>\n\t\t\t\t<\/div>\n\t\t\t\t<div class=\"elementor-element elementor-element-604b00a elementor-widget__width-initial elementor-widget elementor-widget-text-editor\" data-id=\"604b00a\" data-element_type=\"widget\" data-widget_type=\"text-editor.default\">\n\t\t\t\t<div class=\"elementor-widget-container\">\n\t\t\t\t\t\t\t\t\t<p>Segunda a Sexta-Feira: 8h \u00e0s 18h<\/p>\t\t\t\t\t\t\t\t<\/div>\n\t\t\t\t<\/div>\n\t\t\t\t<\/div>\n\t\t<div class=\"elementor-element elementor-element-b50f0f9 e-con-full e-flex e-con e-child\" data-id=\"b50f0f9\" data-element_type=\"container\">\n\t\t\t\t<div class=\"elementor-element elementor-element-bed2307 elementor-widget elementor-widget-heading\" data-id=\"bed2307\" data-element_type=\"widget\" data-widget_type=\"heading.default\">\n\t\t\t\t<div class=\"elementor-widget-container\">\n\t\t\t\t\t<h2 class=\"elementor-heading-title elementor-size-default\">REGI\u00c3O DE\n<BR>F\u00c1CIL ACESSO<\/h2>\t\t\t\t<\/div>\n\t\t\t\t<\/div>\n\t\t\t\t<\/div>\n\t\t\t\t\t<\/div>\n\t\t\t\t<\/div>\n\t\t<div class=\"elementor-element elementor-element-ec398bb e-flex e-con-boxed e-con e-parent\" data-id=\"ec398bb\" data-element_type=\"container\">\n\t\t\t\t\t<div class=\"e-con-inner\">\n\t\t\t\t<div class=\"elementor-element elementor-element-1c3a12b elementor-widget elementor-widget-image\" data-id=\"1c3a12b\" data-element_type=\"widget\" data-widget_type=\"image.default\">\n\t\t\t\t<div class=\"elementor-widget-container\">\n\t\t\t\t\t\t\t\t\t\t\t\t\t\t\t<img loading=\"lazy\" decoding=\"async\" width=\"800\" height=\"814\" src=\"https:\/\/filltech.com.br\/wp-content\/uploads\/2023\/10\/Enscape_2023-02-18-16-54-05-1007x1024.png\" class=\"attachment-large size-large wp-image-52\" alt=\"\" srcset=\"https:\/\/filltech.com.br\/wp-content\/uploads\/2023\/10\/Enscape_2023-02-18-16-54-05-1007x1024.png 1007w, https:\/\/filltech.com.br\/wp-content\/uploads\/2023\/10\/Enscape_2023-02-18-16-54-05-295x300.png 295w, https:\/\/filltech.com.br\/wp-content\/uploads\/2023\/10\/Enscape_2023-02-18-16-54-05-768x781.png 768w, https:\/\/filltech.com.br\/wp-content\/uploads\/2023\/10\/Enscape_2023-02-18-16-54-05-1511x1536.png 1511w, https:\/\/filltech.com.br\/wp-content\/uploads\/2023\/10\/Enscape_2023-02-18-16-54-05-2014x2048.png 2014w\" sizes=\"(max-width: 800px) 100vw, 800px\" \/>\t\t\t\t\t\t\t\t\t\t\t\t\t\t\t<\/div>\n\t\t\t\t<\/div>\n\t\t\t\t\t<\/div>\n\t\t\t\t<\/div>\n\t\t\t\t<\/div>\n\t\t","protected":false},"excerpt":{"rendered":"<p>NOVO CONCEITO EM ASSIST\u00caNCIA T\u00c9CNICA A ESCOLHA CERTA! Garantimos solu\u00e7\u00f5es eficientes para todas as suas necessidades de reparo e manuten\u00e7\u00e3o. R. Rio Grande do Norte 2610 &#8211; Vila Gua\u00edra Esquina com R. Santa Catarina &#8211; Amplo Estacionamento Hor\u00e1rio de Funcionamento: Segunda a Sexta-Feira: 8h \u00e0s 18h REGI\u00c3O DE F\u00c1CIL ACESSO<\/p>\n","protected":false},"author":1,"featured_media":0,"parent":0,"menu_order":0,"comment_status":"closed","ping_status":"closed","template":"elementor_canvas","meta":{"footnotes":""},"class_list":["post-9","page","type-page","status-publish","hentry"],"_links":{"self":[{"href":"https:\/\/filltech.com.br\/index.php?rest_route=\/wp\/v2\/pages\/9","targetHints":{"allow":["GET"]}}],"collection":[{"href":"https:\/\/filltech.com.br\/index.php?rest_route=\/wp\/v2\/pages"}],"about":[{"href":"https:\/\/filltech.com.br\/index.php?rest_route=\/wp\/v2\/types\/page"}],"author":[{"embeddable":true,"href":"https:\/\/filltech.com.br\/index.php?rest_route=\/wp\/v2\/users\/1"}],"replies":[{"embeddable":true,"href":"https:\/\/filltech.com.br\/index.php?rest_route=%2Fwp%2Fv2%2Fcomments&post=9"}],"version-history":[{"count":16,"href":"https:\/\/filltech.com.br\/index.php?rest_route=\/wp\/v2\/pages\/9\/revisions"}],"predecessor-version":[{"id":75,"href":"https:\/\/filltech.com.br\/index.php?rest_route=\/wp\/v2\/pages\/9\/revisions\/75"}],"wp:attachment":[{"href":"https:\/\/filltech.com.br\/index.php?rest_route=%2Fwp%2Fv2%2Fmedia&parent=9"}],"curies":[{"name":"wp","href":"https:\/\/api.w.org\/{rel}","templated":true}]}}